{"id":12435,"date":"2021-08-25T12:02:26","date_gmt":"2021-08-25T11:02:26","guid":{"rendered":"https:\/\/zumba-anya.de\/?page_id=12435"},"modified":"2021-12-30T09:54:43","modified_gmt":"2021-12-30T08:54:43","slug":"blue-beach-erfurt","status":"publish","type":"page","link":"https:\/\/zumba-anya.de\/eng\/studio\/blue-beach-erfurt\/","title":{"rendered":"Blue Beach Erfurt"},"content":{"rendered":"<div data-elementor-type=\"wp-page\" data-elementor-id=\"12435\" class=\"elementor elementor-12435\" data-elementor-post-type=\"page\">\n\t\t\t\t\t\t<section class=\"elementor-section elementor-top-section elementor-element elementor-element-149e92cd elementor-section-boxed elementor-section-height-default elementor-section-height-default\" data-id=\"149e92cd\" data-element_type=\"section\" data-e-type=\"section\">\n\t\t\t\t\t\t<div class=\"elementor-container elementor-column-gap-default\">\n\t\t\t\t\t<div class=\"elementor-column elementor-col-100 elementor-top-column elementor-element elementor-element-71669415\" data-id=\"71669415\" data-element_type=\"column\" data-e-type=\"column\">\n\t\t\t<div class=\"elementor-widget-wrap elementor-element-populated\">\n\t\t\t\t\t\t<div class=\"elementor-element elementor-element-7949f5cb elementor-widget elementor-widget-text-editor\" data-id=\"7949f5cb\" data-element_type=\"widget\" data-e-type=\"widget\" data-widget_type=\"text-editor.default\">\n\t\t\t\t\t\t\t\t\t<p>Weather permitting, we meet on the beach to Dance. After the course we have to look all the time for cool drinks and more radiant sun on the water and let the soul dangle. Or just hop in the lake!<\/p><p><strong>The actual Zumba workout, the additional activation of added stabilizing muscles comes on the sandy beach. The Training on the Sand burns 1.6 times more calories than on hard floors.<\/strong><\/p><p>The Blue Beach is part of the Alperstedter lake, you&#039;ll find him just before Alperstedt (from Stotternheim coming on the left side) Changing rooms and toilets are on site. Parking areas are generously available.<\/p>\t\t\t\t\t\t\t\t<\/div>\n\t\t\t\t<div class=\"elementor-element elementor-element-eb65a40 elementor-widget elementor-widget-text-editor\" data-id=\"eb65a40\" data-element_type=\"widget\" data-e-type=\"widget\" data-widget_type=\"text-editor.default\">\n\t\t\t\t\t\t\t\t\t<p><b>Direction:<\/b><br \/>Blue Beach Erfurt<br \/>K513<br \/>99195 Alperstedt<\/p>\t\t\t\t\t\t\t\t<\/div>\n\t\t\t\t<div class=\"elementor-element elementor-element-3792d96 elementor-widget elementor-widget-google_maps\" data-id=\"3792d96\" data-element_type=\"widget\" data-e-type=\"widget\" data-widget_type=\"google_maps.default\">\n\t\t\t\t\t\t\t<div class=\"elementor-custom-embed\">\n\t\t\t<iframe loading=\"lazy\"\n\t\t\t\t\tsrc=\"https:\/\/www.google.com\/maps\/embed\/v1\/place?key=AIzaSyDtmRnAG25uSs-PgmIqFF-MllOOxTr4VcM&#038;q=erfurt%20blue%20beach&#038;zoom=14\"\n\t\t\t\t\ttitle=\"erfurt blue beach\"\n\t\t\t\t\taria-label=\"erfurt blue beach\"\n\t\t\t><\/iframe>\n\t\t<\/div>\n\t\t\t\t\t\t<\/div>\n\t\t\t\t\t<\/div>\n\t\t<\/div>\n\t\t\t\t\t<\/div>\n\t\t<\/section>\n\t\t\t\t<\/div>","protected":false},"excerpt":{"rendered":"<p>Bei sch\u00f6nem Wetter treffen wir uns am Strand zum Tanzen. Nach dem Kurs haben wir alle Zeit bei k\u00fchlen Getr\u00e4nken und strahlender Sonne auf das Wasser zu schauen und die Seele baumeln zu lassen. Oder einfach in den See zu h\u00fcpfen! Zum eigentlichen Zumbatraining kommt am Sandstrand noch die zus\u00e4tzliche Aktivierung stabilisierender Muskeln hinzu. Das [&hellip;]<\/p>\n","protected":false},"author":2,"featured_media":12552,"parent":12206,"menu_order":0,"comment_status":"closed","ping_status":"closed","template":"","meta":{"site-sidebar-layout":"default","site-content-layout":"default","ast-site-content-layout":"default","site-content-style":"default","site-sidebar-style":"default","ast-global-header-display":"","ast-banner-title-visibility":"","ast-main-header-display":"","ast-hfb-above-header-display":"","ast-hfb-below-header-display":"","ast-hfb-mobile-header-display":"","site-post-title":"","ast-breadcrumbs-content":"","ast-featured-img":"","footer-sml-layout":"","ast-disable-related-posts":"","theme-transparent-header-meta":"default","adv-header-id-meta":"","stick-header-meta":"","header-above-stick-meta":"","header-main-stick-meta":"","header-below-stick-meta":"","astra-migrate-meta-layouts":"default","ast-page-background-enabled":"default","ast-page-background-meta":{"desktop":{"background-color":"","background-image":"","background-repeat":"repeat","background-position":"center center","background-size":"auto","background-attachment":"scroll","background-type":"","background-media":"","overlay-type":"","overlay-color":"","overlay-opacity":"","overlay-gradient":""},"tablet":{"background-color":"","background-image":"","background-repeat":"repeat","background-position":"center center","background-size":"auto","background-attachment":"scroll","background-type":"","background-media":"","overlay-type":"","overlay-color":"","overlay-opacity":"","overlay-gradient":""},"mobile":{"background-color":"","background-image":"","background-repeat":"repeat","background-position":"center center","background-size":"auto","background-attachment":"scroll","background-type":"","background-media":"","overlay-type":"","overlay-color":"","overlay-opacity":"","overlay-gradient":""}},"ast-content-background-meta":{"desktop":{"background-color":"var(--ast-global-color-5)","background-image":"","background-repeat":"repeat","background-position":"center center","background-size":"auto","background-attachment":"scroll","background-type":"","background-media":"","overlay-type":"","overlay-color":"","overlay-opacity":"","overlay-gradient":""},"tablet":{"background-color":"var(--ast-global-color-5)","background-image":"","background-repeat":"repeat","background-position":"center center","background-size":"auto","background-attachment":"scroll","background-type":"","background-media":"","overlay-type":"","overlay-color":"","overlay-opacity":"","overlay-gradient":""},"mobile":{"background-color":"var(--ast-global-color-5)","background-image":"","background-repeat":"repeat","background-position":"center center","background-size":"auto","background-attachment":"scroll","background-type":"","background-media":"","overlay-type":"","overlay-color":"","overlay-opacity":"","overlay-gradient":""}},"footnotes":""},"class_list":["post-12435","page","type-page","status-publish","has-post-thumbnail","hentry"],"yoast_head":"<!-- This site is optimized with the Yoast SEO plugin v27.5 - https:\/\/yoast.com\/product\/yoast-seo-wordpress\/ -->\n<title>Blue Beach Erfurt - Zumba by Anya<\/title>\n<meta name=\"robots\" content=\"index, follow, max-snippet:-1, max-image-preview:large, max-video-preview:-1\" \/>\n<link rel=\"canonical\" href=\"https:\/\/zumba-anya.de\/eng\/studio\/blue-beach-erfurt\/\" \/>\n<meta property=\"og:locale\" content=\"en_GB\" \/>\n<meta property=\"og:type\" content=\"article\" \/>\n<meta property=\"og:title\" content=\"Blue Beach Erfurt - Zumba by Anya\" \/>\n<meta property=\"og:description\" content=\"Bei sch\u00f6nem Wetter treffen wir uns am Strand zum Tanzen. Nach dem Kurs haben wir alle Zeit bei k\u00fchlen Getr\u00e4nken und strahlender Sonne auf das Wasser zu schauen und die Seele baumeln zu lassen. Oder einfach in den See zu h\u00fcpfen! Zum eigentlichen Zumbatraining kommt am Sandstrand noch die zus\u00e4tzliche Aktivierung stabilisierender Muskeln hinzu. Das [&hellip;]\" \/>\n<meta property=\"og:url\" content=\"https:\/\/zumba-anya.de\/eng\/studio\/blue-beach-erfurt\/\" \/>\n<meta property=\"og:site_name\" content=\"Zumba by Anya\" \/>\n<meta property=\"article:modified_time\" content=\"2021-12-30T08:54:43+00:00\" \/>\n<meta property=\"og:image\" content=\"https:\/\/zumba-anya.de\/wp-content\/uploads\/2021\/09\/IMG_9027.jpg\" \/>\n\t<meta property=\"og:image:width\" content=\"2048\" \/>\n\t<meta property=\"og:image:height\" content=\"1365\" \/>\n\t<meta property=\"og:image:type\" content=\"image\/jpeg\" \/>\n<meta name=\"twitter:card\" content=\"summary_large_image\" \/>\n<meta name=\"twitter:label1\" content=\"Estimated reading time\" \/>\n\t<meta name=\"twitter:data1\" content=\"1 minute\" \/>\n<script type=\"application\/ld+json\" class=\"yoast-schema-graph\">{\"@context\":\"https:\\\/\\\/schema.org\",\"@graph\":[{\"@type\":\"WebPage\",\"@id\":\"https:\\\/\\\/zumba-anya.de\\\/studio\\\/blue-beach-erfurt\\\/\",\"url\":\"https:\\\/\\\/zumba-anya.de\\\/studio\\\/blue-beach-erfurt\\\/\",\"name\":\"Blue Beach Erfurt - Zumba by Anya\",\"isPartOf\":{\"@id\":\"https:\\\/\\\/zumba-anya.de\\\/#website\"},\"primaryImageOfPage\":{\"@id\":\"https:\\\/\\\/zumba-anya.de\\\/studio\\\/blue-beach-erfurt\\\/#primaryimage\"},\"image\":{\"@id\":\"https:\\\/\\\/zumba-anya.de\\\/studio\\\/blue-beach-erfurt\\\/#primaryimage\"},\"thumbnailUrl\":\"https:\\\/\\\/zumba-anya.de\\\/wp-content\\\/uploads\\\/2021\\\/09\\\/IMG_9027.jpg\",\"datePublished\":\"2021-08-25T11:02:26+00:00\",\"dateModified\":\"2021-12-30T08:54:43+00:00\",\"breadcrumb\":{\"@id\":\"https:\\\/\\\/zumba-anya.de\\\/studio\\\/blue-beach-erfurt\\\/#breadcrumb\"},\"inLanguage\":\"en-GB\",\"potentialAction\":[{\"@type\":\"ReadAction\",\"target\":[\"https:\\\/\\\/zumba-anya.de\\\/studio\\\/blue-beach-erfurt\\\/\"]}]},{\"@type\":\"ImageObject\",\"inLanguage\":\"en-GB\",\"@id\":\"https:\\\/\\\/zumba-anya.de\\\/studio\\\/blue-beach-erfurt\\\/#primaryimage\",\"url\":\"https:\\\/\\\/zumba-anya.de\\\/wp-content\\\/uploads\\\/2021\\\/09\\\/IMG_9027.jpg\",\"contentUrl\":\"https:\\\/\\\/zumba-anya.de\\\/wp-content\\\/uploads\\\/2021\\\/09\\\/IMG_9027.jpg\",\"width\":2048,\"height\":1365},{\"@type\":\"BreadcrumbList\",\"@id\":\"https:\\\/\\\/zumba-anya.de\\\/studio\\\/blue-beach-erfurt\\\/#breadcrumb\",\"itemListElement\":[{\"@type\":\"ListItem\",\"position\":1,\"name\":\"Startseite\",\"item\":\"https:\\\/\\\/zumba-anya.de\\\/\"},{\"@type\":\"ListItem\",\"position\":2,\"name\":\"Unsere Locations\",\"item\":\"https:\\\/\\\/zumba-anya.de\\\/studio\\\/\"},{\"@type\":\"ListItem\",\"position\":3,\"name\":\"Blue Beach Erfurt\"}]},{\"@type\":\"WebSite\",\"@id\":\"https:\\\/\\\/zumba-anya.de\\\/#website\",\"url\":\"https:\\\/\\\/zumba-anya.de\\\/\",\"name\":\"Zumba by Anya\",\"description\":\"Jeder ist willkommen - AUCH DU!\",\"publisher\":{\"@id\":\"https:\\\/\\\/zumba-anya.de\\\/#organization\"},\"potentialAction\":[{\"@type\":\"SearchAction\",\"target\":{\"@type\":\"EntryPoint\",\"urlTemplate\":\"https:\\\/\\\/zumba-anya.de\\\/?s={search_term_string}\"},\"query-input\":{\"@type\":\"PropertyValueSpecification\",\"valueRequired\":true,\"valueName\":\"search_term_string\"}}],\"inLanguage\":\"en-GB\"},{\"@type\":\"Organization\",\"@id\":\"https:\\\/\\\/zumba-anya.de\\\/#organization\",\"name\":\"Zumba by Anya\",\"url\":\"https:\\\/\\\/zumba-anya.de\\\/\",\"logo\":{\"@type\":\"ImageObject\",\"inLanguage\":\"en-GB\",\"@id\":\"https:\\\/\\\/zumba-anya.de\\\/#\\\/schema\\\/logo\\\/image\\\/\",\"url\":\"https:\\\/\\\/zumba-anya.de\\\/wp-content\\\/uploads\\\/2021\\\/05\\\/anya-1.png\",\"contentUrl\":\"https:\\\/\\\/zumba-anya.de\\\/wp-content\\\/uploads\\\/2021\\\/05\\\/anya-1.png\",\"width\":878,\"height\":785,\"caption\":\"Zumba by Anya\"},\"image\":{\"@id\":\"https:\\\/\\\/zumba-anya.de\\\/#\\\/schema\\\/logo\\\/image\\\/\"}}]}<\/script>\n<!-- \/ Yoast SEO plugin. -->","yoast_head_json":{"title":"Blue Beach Erfurt - Zumba by Anya","robots":{"index":"index","follow":"follow","max-snippet":"max-snippet:-1","max-image-preview":"max-image-preview:large","max-video-preview":"max-video-preview:-1"},"canonical":"https:\/\/zumba-anya.de\/eng\/studio\/blue-beach-erfurt\/","og_locale":"en_GB","og_type":"article","og_title":"Blue Beach Erfurt - Zumba by Anya","og_description":"Bei sch\u00f6nem Wetter treffen wir uns am Strand zum Tanzen. Nach dem Kurs haben wir alle Zeit bei k\u00fchlen Getr\u00e4nken und strahlender Sonne auf das Wasser zu schauen und die Seele baumeln zu lassen. Oder einfach in den See zu h\u00fcpfen! Zum eigentlichen Zumbatraining kommt am Sandstrand noch die zus\u00e4tzliche Aktivierung stabilisierender Muskeln hinzu. Das [&hellip;]","og_url":"https:\/\/zumba-anya.de\/eng\/studio\/blue-beach-erfurt\/","og_site_name":"Zumba by Anya","article_modified_time":"2021-12-30T08:54:43+00:00","og_image":[{"width":2048,"height":1365,"url":"https:\/\/zumba-anya.de\/wp-content\/uploads\/2021\/09\/IMG_9027.jpg","type":"image\/jpeg"}],"twitter_card":"summary_large_image","twitter_misc":{"Estimated reading time":"1 minute"},"schema":{"@context":"https:\/\/schema.org","@graph":[{"@type":"WebPage","@id":"https:\/\/zumba-anya.de\/studio\/blue-beach-erfurt\/","url":"https:\/\/zumba-anya.de\/studio\/blue-beach-erfurt\/","name":"Blue Beach Erfurt - Zumba by Anya","isPartOf":{"@id":"https:\/\/zumba-anya.de\/#website"},"primaryImageOfPage":{"@id":"https:\/\/zumba-anya.de\/studio\/blue-beach-erfurt\/#primaryimage"},"image":{"@id":"https:\/\/zumba-anya.de\/studio\/blue-beach-erfurt\/#primaryimage"},"thumbnailUrl":"https:\/\/zumba-anya.de\/wp-content\/uploads\/2021\/09\/IMG_9027.jpg","datePublished":"2021-08-25T11:02:26+00:00","dateModified":"2021-12-30T08:54:43+00:00","breadcrumb":{"@id":"https:\/\/zumba-anya.de\/studio\/blue-beach-erfurt\/#breadcrumb"},"inLanguage":"en-GB","potentialAction":[{"@type":"ReadAction","target":["https:\/\/zumba-anya.de\/studio\/blue-beach-erfurt\/"]}]},{"@type":"ImageObject","inLanguage":"en-GB","@id":"https:\/\/zumba-anya.de\/studio\/blue-beach-erfurt\/#primaryimage","url":"https:\/\/zumba-anya.de\/wp-content\/uploads\/2021\/09\/IMG_9027.jpg","contentUrl":"https:\/\/zumba-anya.de\/wp-content\/uploads\/2021\/09\/IMG_9027.jpg","width":2048,"height":1365},{"@type":"BreadcrumbList","@id":"https:\/\/zumba-anya.de\/studio\/blue-beach-erfurt\/#breadcrumb","itemListElement":[{"@type":"ListItem","position":1,"name":"Startseite","item":"https:\/\/zumba-anya.de\/"},{"@type":"ListItem","position":2,"name":"Unsere Locations","item":"https:\/\/zumba-anya.de\/studio\/"},{"@type":"ListItem","position":3,"name":"Blue Beach Erfurt"}]},{"@type":"WebSite","@id":"https:\/\/zumba-anya.de\/#website","url":"https:\/\/zumba-anya.de\/","name":"Zumba by Anya","description":"Jeder ist willkommen - AUCH DU!","publisher":{"@id":"https:\/\/zumba-anya.de\/#organization"},"potentialAction":[{"@type":"SearchAction","target":{"@type":"EntryPoint","urlTemplate":"https:\/\/zumba-anya.de\/?s={search_term_string}"},"query-input":{"@type":"PropertyValueSpecification","valueRequired":true,"valueName":"search_term_string"}}],"inLanguage":"en-GB"},{"@type":"Organization","@id":"https:\/\/zumba-anya.de\/#organization","name":"Zumba by Anya","url":"https:\/\/zumba-anya.de\/","logo":{"@type":"ImageObject","inLanguage":"en-GB","@id":"https:\/\/zumba-anya.de\/#\/schema\/logo\/image\/","url":"https:\/\/zumba-anya.de\/wp-content\/uploads\/2021\/05\/anya-1.png","contentUrl":"https:\/\/zumba-anya.de\/wp-content\/uploads\/2021\/05\/anya-1.png","width":878,"height":785,"caption":"Zumba by Anya"},"image":{"@id":"https:\/\/zumba-anya.de\/#\/schema\/logo\/image\/"}}]}},"_links":{"self":[{"href":"https:\/\/zumba-anya.de\/eng\/wp-json\/wp\/v2\/pages\/12435","targetHints":{"allow":["GET"]}}],"collection":[{"href":"https:\/\/zumba-anya.de\/eng\/wp-json\/wp\/v2\/pages"}],"about":[{"href":"https:\/\/zumba-anya.de\/eng\/wp-json\/wp\/v2\/types\/page"}],"author":[{"embeddable":true,"href":"https:\/\/zumba-anya.de\/eng\/wp-json\/wp\/v2\/users\/2"}],"replies":[{"embeddable":true,"href":"https:\/\/zumba-anya.de\/eng\/wp-json\/wp\/v2\/comments?post=12435"}],"version-history":[{"count":45,"href":"https:\/\/zumba-anya.de\/eng\/wp-json\/wp\/v2\/pages\/12435\/revisions"}],"predecessor-version":[{"id":13253,"href":"https:\/\/zumba-anya.de\/eng\/wp-json\/wp\/v2\/pages\/12435\/revisions\/13253"}],"up":[{"embeddable":true,"href":"https:\/\/zumba-anya.de\/eng\/wp-json\/wp\/v2\/pages\/12206"}],"wp:featuredmedia":[{"embeddable":true,"href":"https:\/\/zumba-anya.de\/eng\/wp-json\/wp\/v2\/media\/12552"}],"wp:attachment":[{"href":"https:\/\/zumba-anya.de\/eng\/wp-json\/wp\/v2\/media?parent=12435"}],"curies":[{"name":"wp","href":"https:\/\/api.w.org\/{rel}","templated":true}]}}